
3
Let a(u) = 2*u**2 - 8*u + 16. Let b be a(-13). Let t = b - 252. What is the units digit of t?
6
Let y(t) = t**3 + 7*t**2 + 5*t + 3. Let q be y(-6). Let s(w) = 1 + q*w - 2*w + w**2 - 2*w. What is the units digit of s(-8)?
5
Suppose -32*t + 35784 = -8*t. What is the units digit of t?
1
Let h(a) = -738*a - 3. Let g be h(-1). Let o = g + -522. What is the units digit of o?
3
Suppose 4*r = -0*r. Suppose 2*a + 3*s - 174 = -2*a, -5*s + 10 = r. What is the units digit of a?
2
Suppose -89558 + 9233 = -27*p. What is the hundreds digit of p?
9
Let l(j) = -12*j + 3. Let o(t) = 6*t - 2. Let n(i) = 3*l(i) + 5*o(i). Let p be n(-2). Suppose c + p - 25 = 0. What is the tens digit of c?
1
Let g = 2 + 1. Suppose 2*u - 10 = -g*u. Suppose 34 = -j + u*j - 5*b, -b - 3 = 0. What is the units digit of j?
9
Let y = -5 - -11. Let x be 30/3 + -5 + 3. Suppose -x*r + y*r = -66. What is the tens digit of r?
3
Suppose -4*g = 12, 22*g - 19*g = -4*p + 679. What is the hundreds digit of p?
1
Suppose -1084 = -18*b + 16*b. What is the hundreds digit of b?
5
Let h(c) = c + 1. Let v be 1 + 1 - 24/8. Let w(j) = -3*j - 4. Let n(k) = v*w(k) - 4*h(k). What is the tens digit of n(-10)?
1
Let v(i) = 6*i**2 - 78*i - 18. What is the units digit of v(17)?
0
Let v(b) = 2*b**2 + b + 10. Let x be v(-11). Suppose 3*j + l = -x, -2*j - 5*l - 165 = -0*l. What is the tens digit of 1/8 - 3110/j?
3
Let v(j) = -j**2 + 7*j + 7. Let q be v(8). Suppose -n - a - 1 = -2*n, 0 = 3*n - 5*a + 1. Let l = q + n. What is the units digit of l?
2
Let p(f) = 79*f - 3. Let k be p(-3). Let b be (k/18)/(2/(-6)). Suppose 4*c + b = 6*c. What is the tens digit of c?
2
Let r = 505 - 35. What is the units digit of r?
0
Let w = 19 - 19. Suppose w = -3*m + 7*m - 36. What is the tens digit of (-66)/m*(-4 - 5)?
6
What is the tens digit of -2 + (-32*(-140)/8 - 5)?
5
Let b(d) = 8*d + 686. What is the tens digit of b(0)?
8
Suppose 4*k - 56 = -2*y, 0 = k - y - 6 - 2. Let t(g) be the third derivative of g**6/120 - 11*g**5/60 - 11*g**4/24 - 2*g**2. What is the units digit of t(k)?
2
What is the units digit of ((-168)/(-7))/(-6) + (-954)/(-2)?
3
Suppose -3*r - 53 = -4*y, -4*r - 4*y = 22 + 2. Let q = r - -11. What is the units digit of (0 - q) + (0 - -3)?
3
Let g = -2226 - -3716. What is the tens digit of g?
9
Suppose 913 = 7*p - 550. What is the tens digit of p?
0
Suppose -3*i - c = -5, 5*c + 8 = 3*i - 3. Suppose -4*l + i*l + 444 = 0. What is the tens digit of l?
2
What is the hundreds digit of (-6265)/(-28)*4 - (2 - -3)?
8
Let m(t) = -t**3 - 4*t**2 - 9. Let w be m(-6). Suppose z - 4*z + w = -2*s, 9 = -3*s. Suppose 18 = c - z. What is the units digit of c?
7
Let a = 15 + -12. Suppose 0 = -0*g - a*g + 327. What is the tens digit of g?
0
Let m = -1370 - -2097. What is the units digit of m?
7
Suppose 5*y - 41 = 3*b - 8, 0 = b + y + 19. Let k = b - -10. What is the units digit of k/(-24) - 51/(-4)?
3
Suppose 2676 + 648 = 6*v. What is the units digit of v?
4
Let q = -1371 - -1406. What is the units digit of q?
5
What is the units digit of (-8516)/(-18) - (-3)/216*-8?
3
Let r be ((-10)/6)/(-4 - (-70)/18). Let x = 62 + r. What is the tens digit of x?
7
Suppose -57*i + 10080 = -15*i. What is the tens digit of i?
4
Suppose -b + 16 = -0*a + 5*a, -2*a + 8 = 2*b. Let t be (-27)/(-3) + a + 0. What is the tens digit of t/(-28) - (-1185)/21?
5
Let y(o) = -2*o**2 - 13*o - 7. Let p be y(-6). What is the hundreds digit of (-1*p/3)/(7/2163)?
1
Suppose -u + 0*u + 1035 = -4*j, -2*j = -3*u + 3135. What is the tens digit of u?
4
Let w(i) = -2*i**3 + 6*i**2 - i - 35. What is the units digit of w(-6)?
9
Let w(t) = 22*t + 4. Let a(f) = -f**3 + 6*f**2 - 3*f - 8. Let d be a(5). Let u be d*(-2)/8*-4. What is the units digit of w(u)?
8
Let x = -132 + 299. Let t = -96 + x. What is the units digit of t?
1
Suppose w - 462 = -3*t - 150, -5*w + 4*t = -1484. Suppose -w = -6*a - 0*a. What is the tens digit of a?
5
Let v = 158 + -154. Suppose -o + 42 + 86 = -5*j, 5*o - 2*j - 755 = 0. What is the units digit of o/v - 3/12?
8
Suppose 0 = -3*s - 15, -20*h + 19*h - 5*s + 861 = 0. What is the tens digit of h?
8
Let u(y) = 10*y**3 - y**2 - 4*y + 5. Let d be u(2). Suppose 4*m - d - 43 = 0. What is the tens digit of m?
2
Let j(s) = 13 + s**2 - 29 + 10*s + s. Let m be j(-18). Suppose -3*k - 64 = -2*r, -5*k = 8*r - 3*r - m. What is the tens digit of r?
2
Suppose 0 = 33*r - 28*r - 2995. What is the hundreds digit of r?
5
Suppose -4*q + 16 = 0, -12*q = 2*a - 7*q - 920. What is the tens digit of a?
5
Suppose 2*u + 2*u = -4*k + 88, -4*u + 96 = -4*k. Suppose 34 = u*a - 25*a. Let r = 6 - a. What is the units digit of r?
3
Let r = 466 + 781. What is the tens digit of r?
4
Let c(h) be the first derivative of -h**4/4 - 20*h**3/3 - 21*h**2/2 + 2*h + 3. What is the units digit of c(-19)?
0
Let d = 470 - -118. Suppose 4*c - j = 471, -5*c = -j - j - d. Suppose 2*t + 26 = n - t, -5*n + 3*t = -c. What is the tens digit of n?
2
Let f = 78 + -42. Suppose p = -5*p + f. Suppose -p*m = -11*m + d + 198, 0 = -4*m + 3*d + 165. What is the tens digit of m?
3
Suppose 8*v + 36 = 12*v. Suppose -2*j = -l - 454, -v*j - 4*l = -8*j - 236. What is the units digit of j?
8
Let u = 416 - 232. Let g = u - 91. What is the tens digit of g?
9
Suppose -44*x = -15819 - 20481. What is the hundreds digit of x?
8
Let x(b) = 2*b**2 - 10*b + 6. Let a be x(4). Let l be (a - 0)/(1/(-2)). Let t(g) = -g**3 + 6*g**2 - 4*g - 1. What is the units digit of t(l)?
5
Let p(a) = 181*a**2 - 32*a + 6. What is the tens digit of p(-3)?
3
Let d(l) = 14*l**2 + l + 61. Let f be d(-7). Suppose -f = 3*i - 7*i. What is the tens digit of i?
8
Let l = 2167 - 1863. What is the units digit of l?
4
Suppose 5*y + 43 = -3*m + 350, 0 = -2*y - 3*m + 130. Suppose -3*b = -y - 1. Suppose -10 = 2*t, -3*n + t = -2*n - b. What is the tens digit of n?
1
Let m(j) = 85*j - 112. What is the thousands digit of m(17)?
1
Suppose -241 + 71 = -5*l. Let x be 256/18 + l/(-153). What is the tens digit of ((-36)/x)/(24/(-448))?
4
Let g(z) = -20*z - 15. Let y be g(5). Let r = -74 - y. What is the tens digit of r?
4
Suppose -1017*z = -1000*z - 48399. What is the thousands digit of z?
2
Suppose -2*n = -89 + 5. Suppose 18 - n = -4*z. Let w(r) = -r**3 + 6*r**2 + 4*r - 4. What is the tens digit of w(z)?
2
Suppose y + 1 = 3. Suppose -y*t = 6*t - 752. What is the tens digit of t?
9
Let x(s) = 3*s. Let g be x(1). Suppose -l = -g*l. What is the units digit of l - 1*(-1 - 1)?
2
What is the units digit of -3*3/27*(9 + -846)?
9
Let g(q) = 1 + 29*q + 21*q + 1 - 46*q. What is the units digit of g(12)?
0
Let n = 360 + -160. What is the tens digit of n?
0
Let v = -71 - 31. What is the tens digit of 3*(-1)/(-3)*(-4 - v)?
9
Let s(d) = d**3 + 7*d**2 + 1. Suppose -5*n = 2*k + 50 + 62, 5*n - 5*k + 140 = 0. Let v = n + 19. What is the units digit of s(v)?
1
Let o(g) = 5*g**3 - 10*g**2 + 11*g + 12. What is the tens digit of o(5)?
4
Suppose 0 = p + u + 9, -p + 0*u - 3*u + 1 = 0. Let f = p + 60. Let t = -29 + f. What is the units digit of t?
7
Let t(v) = -v**3 + 4*v**2 - 2*v + 6. Let i be t(4). Let l = 7 + i. Suppose -4*r = -l*r - 4*d + 48, -3*d + 99 = 3*r. What is the units digit of r?
8
Let i(d) = 3*d**2 + 61*d. Let s be i(-20). Let y = 239 - s. What is the hundreds digit of y?
2
Let y be (-3)/9*(0 + -30). Let c be 426/y + 8/20. Let f = 68 - c. What is the units digit of f?
5
Suppose -4*m - 6 = -6*m. Let p be (4/6)/(1/63). Suppose m*o - o - p = 0. What is the units digit of o?
1
Let j = 20 - 26. Let h = 18 + j. What is the tens digit of h?
1
Let k = 78 + -61. Suppose -202 = -19*y + k*y. What is the tens digit of y?
0
What is the hundreds digit of -1 - -1609 - 5/(-1 + -4)?
6
Suppose 0 = f - 5*i - 48, -3*i + 42 = -3*f + 162. Let a = f - 3. What is the units digit of a?
5
Suppose -22950 = -35*k - 19*k. What is the hundreds digit of k?
4
Let a(v) = -139*v - 150. What is the units digit of a(-4)?
6
Let q(t) = -t**3 - 4*t**2 - 3*t - 6. Let k(r) = r**3 + 10*r**2 - 12*r - 15. Let f be k(-11). Let y be q(f). What is the units digit of (-21)/(y/4*-1)?
4
Let c(h) = -h**2 + 26*h + 10. Let q be c(24). Suppose -q = 5*d - 218. What is the tens digit of d?
3
Let k = -600 + 935. What is the units digit of k?
5
Suppose u - 4*u = -4*y - 19, -3*u + 17 = -2*y. Suppose 53 = u*v - 32. What is the units digit of v?